nder when 59 is divided by q(-3)?
14
Let b(a) be the first derivative of -5*a**2/2 + 28*a + 37. What is the remainder when b(-17) is divided by 24?
17
Let x = 59 - -987. What is the remainder when x is divided by 131?
129
Suppose 0*q = -2*q + 6. Let a = q - 0. Suppose -a*f - 25 + 72 = u, u = 2. What is the remainder when 58 is divided by f?
13
What is the remainder when 138 is divided by (-1)/((-6 - -3) + (-860)/(-290))?
22
Let p(r) = -38*r + 4 + 3 - 9. Let b be p(-1). What is the remainder when 23 is divided by b/(-20)*(-10)/3?
5
Suppose -28 = -r - 5*l, 2*r + 4*l - 15 - 17 = 0. Calculate the remainder when 85 is divided by r.
5
Suppose -5*g + 0*l + 80 = -5*l, 3*l + 36 = 2*g. Let r = -378 - -411. Calculate the remainder when r is divided by g.
9
Suppose 0 = g + p - 14, g + 5*p - 52 = -2*g. Let u = -25 - -48. Calculate the remainder when u is divided by g.
5
Suppose 5*s + 4 = a + 2*s, -29 = 4*a + 3*s. Let b = a + 10. Let f = -224 + 237. What is the remainder when f is divided by b?
3
Suppose p = 5*m - 2 + 242, m + 5 = 0. What is the remainder when p is divided by 24?
23
Suppose 0 = -5*z + 21 + 9. Let y(m) = 7*m - 3. Let l be y(4). Let k = l - 11. Calculate the remainder when k is divided by z.
2
What is the remainder when 6*197*19/57 is divided by 100?
94
Let d be -3 - (0 + (-1 - 5)). Let i(t) = -t + 4*t + 3*t**d - 2 + t**3. Calculate the remainder when i(2) is divided by 19.
17
Let d(k) = k**2 + 20*k - 50. What is the remainder when d(3) is divided by 10?
9
Suppose -5*d + 3*v + 3828 = 0, 2009 = 4*d + 5*v - 1083. What is the remainder when d is divided by 35?
33
Let h(v) = v**2 - 10*v + 9. Let j be h(9). Let u = 2 + j. Suppose -3*p + u*p + 13 = 0. What is the remainder when 50 is divided by p?
11
Suppose -4*b = -5*b. Let u(a) = -7*a + 10. Calculate the remainder when 58 is divided by u(b).
8
Let n = 1125 - 1006. What is the remainder when n is divided by 64?
55
Suppose -9*x = -17*x + 56. Suppose 334 = 5*m + g, -3*g = -g + 2. Calculate the remainder when m is divided by x.
4
Suppose -r = -3*r - 20. Calculate the remainder when 33 is divided by 15/(-6)*36/r.
6
Let k = 23 + -41. Let g = k + 12. Calculate the remainder when 54 is divided by 20 - (g/(-2) + -2).
16
Suppose -l = -4*c + 2*c - 10, -6 = -2*l - 3*c. What is the remainder when l - (-3*1 + 2) is divided by (6/(-12)*-16)/4?
1
Let g = 9 + 43. What is the remainder when g is divided by 26?
0
Suppose 29*u - 1788 = 880. Calculate the remainder when u is divided by 50.
42
Let i = -749 + 936. What is the remainder when i is divided by 27?
25
Suppose -2033 + 114 = -19*h. What is the remainder when h is divided by 48?
5
Let a(l) = -3*l - 1. Suppose 5*k = -112 - 88. Let h = -36 - k. Calculate the remainder when a(-5) is divided by h.
2
Suppose -4*d = 12, -83 + 32 = -2*y - 3*d. What is the remainder when 164 is divided by y?
14
Let b(j) = j. Let n(y) = 4*y + 19. Let o(p) = -5*b(p) + n(p). What is the remainder when o(11) is divided by (-14)/4*(-24)/42?
0
Suppose 5*i - 264 = 2*j, 0*i + 3*j - 150 = -3*i. Let g be 0 + (0 - 9/(-6)*22). Suppose 3 = 4*p - g. What is the remainder when i is divided by p?
7
Let m = 0 - -13. Let d(f) = -f**3 - 14*f**2 + 8. Let n be d(-14). Suppose h - 3*h = -n. What is the remainder when m is divided by h?
1
Let a = 25 - -9. What is the remainder when 201 is divided by a?
31
Let d(v) = v**3 + 10*v**2 - 2*v - 15. Let o be (-3)/(-3) - 1*11. Let c be d(o). Suppose b - c - 32 = 0. What is the remainder when b is divided by 10?
7
Let b = 17 + -8. Suppose 0 = -3*y - 0*y + b. Suppose -7*x = -y*x - 36. What is the remainder when 34 is divided by x?
7
Suppose 32*c = 5*c + 162. Let z = 18 - -3. What is the remainder when z is divided by c?
3
Let g(v) = v + 56. What is the remainder when 123 is divided by g(-18)?
9
Suppose 70 + 6 = 4*m. Let s = m - -54. What is the remainder when 56 is divided by s/4 + 3/4?
18
Suppose 0 = -3*p + 2*i + 37, -2*p + 64 = 2*p + i. What is the remainder when 53 is divided by p?
8
Suppose -5*m - 344 + 1559 = 0. Calculate the remainder when m is divided by 7.
5
Let v be -6*4/(-16)*2. Suppose -4*o + 51 = 5*t, 2*t + v = 2*o - 3*t. What is the remainder when (-6 - 42/(-5))*50/4 is divided by o?
3
Let b(d) = -25*d + 446. Calculate the remainder when 573 is divided by b(14).
93
Let y(s) = -s**3 - 15*s**2 - s + 3. Let u be 4/(-18) + (-133)/9. Let l be y(u). Suppose -l*i + 23 = -17*i. What is the remainder when i is divided by 9?
5
Let u = -632 - -770. Calculate the remainder when u is divided by 7.
5
Let i(z) = -z**3 + z**2 + 3*z + 4. What is the remainder when 227 is divided by i(-2)?
7
Calculate the remainder when 147 is divided by (-11 + 12)*1*(0 + 10).
7
Let w(c) = -c**3 + 3*c**2 + 6*c - 4. Let b be w(4). Suppose 2*o - 12 = 6. Let f = b + o. What is the remainder when f is divided by 7?
6
Suppose -1 = -5*y + 9. Suppose 2*b - 59 = a, -5*b + 47 = -y*a - 100. What is the remainder when b is divided by 9?
2
Let p(j) = -3*j. Let y be p(2). Let q(z) = -z**2 - 8*z - 9. What is the remainder when 1*4*3 + -1 is divided by q(y)?
2
Let y be -3*(-2 + 3) + -56. Let a = -43 - y. Calculate the remainder when a is divided by 5.
1
Let v = 33 + -8. What is the remainder when v is divided by 5/(50/(-170))*(-3)/3?
8
Suppose -5*x - 9 - 46 = 0. Let n(p) be the third derivative of p**4/12 + 13*p**3/3 - p**2 - 38. What is the remainder when 10 is divided by n(x)?
2
Let y(d) = -181 - 16*d + 89 + 98. Calculate the remainder when y(-2) is divided by 6.
2
Let b be 2*(1 - 20/(-8)). Suppose -4*n - 4 = -4*s, -5*n + b - 19 = 2*s. What is the remainder when 64 is divided by (9 + -31)*(n + 1)?
20
Suppose -3*h - 88 = -7*h - 2*u, 3*u = -2*h + 52. Suppose -4*l - 5*b = -0*b - 256, 0 = 4*l - b - 232. Calculate the remainder when l is divided by h.
19
Suppose -4*x - 3*o - 109 = 0, 2*o + 5 = -1. Let b be (-1*20/(-25))/(4/(-50)). What is the remainder when (-1110)/x - (-4)/b is divided by 12?
8
Let u(z) = z**2 + 3*z + 2. Let t be u(-1). Let c = t - -8. Suppose 5*q = 3*p + q - 53, 0 = 2*p + 2*q - 54. What is the remainder when p is divided by c?
7
Let p = 71 - 71. Suppose 2*y + o - 20 = 0, p = y + 4*y + o - 50. What is the remainder when 19 is divided by y?
9
Suppose -2*a = -3*l - 5*a + 27, -a = -3. Let p = 0 - -3. Calculate the remainder when 13 is divided by 7 - l - p/(-1).
1
What is the remainder when (-3)/(24/(-592)) + 1 is divided by 26?
23
Let j(q) = q**2 + 27*q - 7. Calculate the remainder when 201 is divided by j(-29).
48
Let w(l) = l**2 + 14*l + 33. Let i be w(-14). Suppose 0 = -2*b - i + 99. Calculate the remainder when b is divided by 19.
14
Suppose -5*y = 5 - 30, 0 = -3*n + 5*y - 19. Suppose -n*a - 6*a + 248 = 0. Suppose 0 = -4*b + 589 + 19. What is the remainder when b is divided by a?
28
Suppose 9*x - 6*x - 30 = 0. Calculate the remainder when (78/(-8))/(-1*(-3)/(-12)) is divided by x.
9
Suppose -2*i = 3*i - 375. Let n be 180/i + (-6)/(-10). Suppose n*k - 5*k - 4*y = -190, -3*k + 278 = -y. Calculate the remainder when k is divided by 19.
17
Calculate the remainder when 284 - (-45)/5*(-1)/(-3) is divided by 35.
7
Let j = -51 - -56. Suppose -4*n = j*u - 201, 2*n + 44 = u - n. What is the remainder when u is divided by 21?
20
Suppose -1216 = -23*i - 41*i. Calculate the remainder when 206 is divided by i.
16
Let a = 21 - 11. Let q(b) = b**3 - 6*b**2 + 4*b + 4. Let w be q(5). Calculate the remainder when a is divided by w/2 - (-117)/18.
4
Let p(a) = -7*a + 21. Let l be p(-18). Suppose -57 + l = 10*u. Calculate the remainder when 20 is divided by u.
2
Suppose -4*k = 16, 0*o + 97 = 3*o + 5*k. Suppose -2*d = -6, -m = -4*m + 4*d + o. Let p(q) = q**3 + 48. Calculate the remainder when p(0) is divided by m.
14
Let z(k) = -k + 61. What is the remainder when 137 is divided by z(14)?
43
Let k(y) = -y - 1. Let o be k(-3). Suppose 45 = 2*c + o*w - w, 3*c - 66 = -3*w. What is the remainder when c is divided by 6?
5
Let a = -1482 - -1614. Calculate the remainder when a is divided by 5.
2
Let o(w) = 84*w**2 - 92*w + 93. Calculate the remainder when 346 is divided by o(1).
6
Let s be 2/(-11) + (-222)/(-11). Suppose 4*v + 4*u - 38 = 2, -s = -2*v - 3*u. What is the remainder when 14 is divided by v?
4
Suppose -4*u = 22 + 90. Let o = 9 + -76. Let m = u - o. What is the remainder when m is divided by 10?
9
Calc